{"id":10,"date":"2018-09-10T17:08:03","date_gmt":"2018-09-10T17:08:03","guid":{"rendered":"http:\/\/localhost\/greenSol\/?page_id=10"},"modified":"2023-01-13T00:46:31","modified_gmt":"2023-01-13T00:46:31","slug":"a-green-sol","status":"publish","type":"page","link":"https:\/\/greensolrn.com.br\/index.php\/a-green-sol\/","title":{"rendered":"A Green Sol"},"content":{"rendered":"\n<p>A <strong>Green Sol<\/strong> nasceu da vontade de colocar em pr\u00e1tica algo capaz de mudar nosso pa\u00eds e, por que n\u00e3o dizer, o mundo?!! Algo que est\u00e1 aqui, ao nosso alcance, completamente vi\u00e1vel.&nbsp;<strong>A energia solar fotovoltaica!<\/strong><\/p>\n\n\n\n<p>Aqui no Brasil, o sol \u00e9 abundante, e n\u00f3s, da Green Sol, sabemos da sua capacidade de promover grande progress\u00e3o em nossa maneira de consumir energia el\u00e9trica, passando para uma forma limpa, renov\u00e1vel, que respeita o meio ambiente e o ser humano.<\/p>\n\n\n\n<p>Queremos fazer parte dessa transforma\u00e7\u00e3o.<br>De um futuro muito melhor.<br>Queremos promov\u00ea-lo!<\/p>\n\n\n\n<p>Atuamos na presta\u00e7\u00e3o de servi\u00e7os de<strong> Projeto e Instala\u00e7\u00e3o de gerador solar fotovoltaico<\/strong> como m\u00e1xima qualidade e seguran\u00e7a, para resid\u00eancias, com\u00e9rcios, ind\u00fastrias e produ\u00e7\u00e3o rural.&nbsp;Para isso, contamos com uma equipe com profundo conhecimento, capacita\u00e7\u00e3o, experi\u00eancia e muito amor pelo que faz.<\/p>\n\n\n\n<p>\u00c1reas de atua\u00e7\u00e3o: Mossor\u00f3, Areia Branca, Tibau, Natal, Parnamirim, Assu, Pau dos Ferros, Apodi, Guamar\u00e9.<\/p>\n\n\n\n<p><\/p>\n\n\n\n<h2 class=\"wp-block-heading\"><strong>Miss\u00e3o<\/strong><\/h2>\n\n\n\n<p>Promover ao consumidor <strong>economia <\/strong>de gastos e<strong> <\/strong>oferecer produtos reconhecidamente l\u00edderes em <strong>qualidade<\/strong> e servi\u00e7os 24h para sua usina fotovoltaica.<\/p>\n\n\n\n<h2 class=\"wp-block-heading\"><strong>Vis\u00e3o<\/strong><\/h2>\n\n\n\n<p>Ser a empresa<strong> refer\u00eancia<\/strong> e reconhecida como a<strong> melhor<\/strong> op\u00e7\u00e3o por clientes, colaboradores, comunidade e fornecedores em todo o cen\u00e1rio regional.<\/p>\n\n\n\n<h2 class=\"wp-block-heading\"><strong>Valores<\/strong><\/h2>\n\n\n\n<p>Nossos valores s\u00e3o os princ\u00edpios que guiam nosso trabalho e os pilares da nossa empresa.<\/p>\n\n\n\n<p>\u2022<strong>Satisfa\u00e7\u00e3o do cliente<\/strong><\/p>\n\n\n\n<p>Proporcionar sempre a melhor experi\u00eancia para todo cliente, reduzindo cada conta de energia e fazendo o investimento de cada pessoa cumprir seu prop\u00f3sito.<\/p>\n\n\n\n<p>\u2022<strong>Valoriza\u00e7\u00e3o e respeito \u00e0s pessoas<\/strong><\/p>\n\n\n\n<p>Aqui na Green Sol prezamos pelo respeito e valoriza\u00e7\u00e3o de todas as pessoas independente do g\u00eanero, ra\u00e7a, classe social, sexualidade etc.<\/p>\n\n\n\n<p>\u2022<strong>Respeito ao meio ambiente<\/strong>.<\/p>\n\n\n\n<p>Com a tem\u00e1tica da sustentabilidade e combate ao aquecimento global vindo \u00e0 tona, as energias renov\u00e1veis v\u00eam sendo aliadas na gera\u00e7\u00e3o de energia limpa (ou energia verde), contando com o desenvolvimento de fontes energ\u00e9ticas livres de carbono cada vez maior.<\/p>\n\n\n\n<p>A produ\u00e7\u00e3o de usinas solares fotovoltaicas \u00e9 um derivado dessas pesquisas que vem em prol do benef\u00edcio humano, que reduz e at\u00e9 zera a conta de energia de muitas fam\u00edlias.&nbsp;<\/p>\n\n\n\n<p>E a Green Sol vem para ser o acesso a energia solar que voc\u00ea e sua fam\u00edlia precisam.<\/p>\n\n\n\n<p><\/p>\n\n\n\n<figure class=\"wp-block-pullquote has-text-color\" style=\"color:#023702\"><blockquote><p><strong>Green Sol. O sol \u00e9 nossa maior energia.<\/strong><\/p><\/blockquote><\/figure>\n\n\n\n<p><\/p>\n","protected":false},"excerpt":{"rendered":"<p>A Green Sol nasceu da vontade de colocar em pr\u00e1tica algo capaz de mudar nosso pa\u00eds e, por que n\u00e3o dizer, o mundo?!! Algo que est\u00e1 aqui, ao nosso alcance, completamente vi\u00e1vel.&nbsp;A energia solar fotovoltaica! Aqui no Brasil, o sol \u00e9 abundante, e n\u00f3s, da Green Sol, sabemos da sua capacidade de promover grande progress\u00e3o [&hellip;]<\/p>\n","protected":false},"author":2,"featured_media":68,"parent":0,"menu_order":0,"comment_status":"closed","ping_status":"closed","template":"","meta":{"_mi_skip_tracking":false,"_exactmetrics_sitenote_active":false,"_exactmetrics_sitenote_note":"","_exactmetrics_sitenote_category":0},"acf":[],"_links":{"self":[{"href":"https:\/\/greensolrn.com.br\/index.php\/wp-json\/wp\/v2\/pages\/10"}],"collection":[{"href":"https:\/\/greensolrn.com.br\/index.php\/wp-json\/wp\/v2\/pages"}],"about":[{"href":"https:\/\/greensolrn.com.br\/index.php\/wp-json\/wp\/v2\/types\/page"}],"author":[{"embeddable":true,"href":"https:\/\/greensolrn.com.br\/index.php\/wp-json\/wp\/v2\/users\/2"}],"replies":[{"embeddable":true,"href":"https:\/\/greensolrn.com.br\/index.php\/wp-json\/wp\/v2\/comments?post=10"}],"version-history":[{"count":109,"href":"https:\/\/greensolrn.com.br\/index.php\/wp-json\/wp\/v2\/pages\/10\/revisions"}],"predecessor-version":[{"id":485,"href":"https:\/\/greensolrn.com.br\/index.php\/wp-json\/wp\/v2\/pages\/10\/revisions\/485"}],"wp:featuredmedia":[{"embeddable":true,"href":"https:\/\/greensolrn.com.br\/index.php\/wp-json\/wp\/v2\/media\/68"}],"wp:attachment":[{"href":"https:\/\/greensolrn.com.br\/index.php\/wp-json\/wp\/v2\/media?parent=10"}],"curies":[{"name":"wp","href":"https:\/\/api.w.org\/{rel}","templated":true}]}}